{"id":442,"date":"2025-08-30T05:55:26","date_gmt":"2025-08-30T05:55:26","guid":{"rendered":"https:\/\/www.hildebrunsvik.no\/?page_id=442"},"modified":"2025-11-04T21:43:11","modified_gmt":"2025-11-04T21:43:11","slug":"run-for-love-ii","status":"publish","type":"page","link":"https:\/\/www.hildebrunsvik.no\/?page_id=442","title":{"rendered":"Run For Love II"},"content":{"rendered":"\n<p><a href=\"https:\/\/www.hildebrunsvik.no\/?page_id=414\" data-type=\"page\" data-id=\"414\"><strong>Tilbake \/ Back<\/strong><\/a><\/p>\n\n\n\n<figure class=\"wp-block-image size-full is-resized\"><img loading=\"lazy\" decoding=\"async\" width=\"300\" height=\"269\" src=\"https:\/\/www.hildebrunsvik.no\/wp-content\/uploads\/2025\/03\/Cover-digital-300x269-1.jpg\" alt=\"\" class=\"wp-image-45\" style=\"width:614px;height:auto\"\/><\/figure>\n\n\n\n<p><strong><a href=\"https:\/\/open.spotify.com\/album\/7B4w0Wdg6KiA1TNe3ksSYI?si=Kpt3bzv5TI2nUGIlQcwy1w\" target=\"_blank\" rel=\"noreferrer noopener\">Run For Love II<\/a><\/strong><br><a href=\"http:\/\/www.parkgrammofon.no\/\" target=\"_blank\" rel=\"noreferrer noopener\">Park Grammofon<\/a> 2019<\/p>\n\n\n\n<p>Et fargerikt knippe l\u00e5ter med tr\u00f8kk, sanselighet og nerve, om kj\u00e6rlighet i mange fasonger og andre viktige ting, som h\u00e5p, d\u00f8d, katter, og hvordan komme seg opp om morran og ut i dagen.<br><br>A colourful collection of songs with nerve, passion and punch, about love in various shapes and other important stuff, like hope, death, cats, and how to get up in the morning and out into the day.<\/p>\n\n\n\n<p><a href=\"https:\/\/www.facebook.com\/brunsvikhilde\/\" target=\"_blank\" rel=\"noreferrer noopener\">Hilde Brunsvik<\/a>, tekst, musikk, vokal \/ music, lyrics, vocals<br><a href=\"https:\/\/www.dfroaldsnes.no\/\" target=\"_blank\" rel=\"noreferrer noopener\">Dag-Filip Roaldsnes<\/a>, flygel \/ grand piano<br><a href=\"https:\/\/www.facebook.com\/profile.php?id=593970321\" target=\"_blank\" rel=\"noreferrer noopener\">Petter Kragstad<\/a>, flygel \/ grand piano&nbsp;<em>I\u2019m Not Here<br><\/em><a href=\"http:\/\/www.bjornklakegg.com\/\" target=\"_blank\" rel=\"noreferrer noopener\">Bj\u00f8rn Klakegg<\/a>, gitarer \/ guitars<br><a href=\"https:\/\/no.wikipedia.org\/wiki\/David_Aleksander_Sj%C3%B8lie\" target=\"_blank\" rel=\"noreferrer noopener\">David Aleksander Sj\u00f8lie<\/a>, gitarer \/ guitars&nbsp;<em>About Summer Rain<br><\/em><a href=\"https:\/\/www.facebook.com\/helge.ellingsen\" target=\"_blank\" rel=\"noreferrer noopener\">Helge Olav Ellingsen<\/a>, bass \/ upright bass<br><a href=\"https:\/\/www.facebook.com\/vidar.lunden.3\" target=\"_blank\" rel=\"noreferrer noopener\">Vidar Lunden<\/a>, lyd, perkusjon, synthbass <em>\/<\/em> sound, percussion, synthbass<\/p>\n\n\n\n<p>Innspilt og mikset i <a href=\"https:\/\/www.facebook.com\/MusikkloftetAs\" target=\"_blank\" rel=\"noreferrer noopener\">Musikkloftet Studio AS<\/a><br><em>About Summer Rain<\/em> innspilt og mikset i Bark Studio<\/p>\n\n\n\n<p>Recorded and mixed in <a href=\"https:\/\/www.facebook.com\/MusikkloftetAs\" target=\"_blank\" rel=\"noreferrer noopener\">Musikkloftet Studio AS<\/a><br><em>About Summer Rain&nbsp;<\/em>recorded and mixed in Bark Studio<\/p>\n\n\n\n<p><a href=\"https:\/\/open.spotify.com\/album\/7B4w0Wdg6KiA1TNe3ksSYI?si=00A0Es0mRQW3LnCM2ZrKxg\" data-type=\"link\" data-id=\"https:\/\/open.spotify.com\/album\/7B4w0Wdg6KiA1TNe3ksSYI?si=00A0Es0mRQW3LnCM2ZrKxg\"><strong>Lytt \/ Listen<\/strong><\/a><\/p>\n","protected":false},"excerpt":{"rendered":"<p>Tilbake \/ Back Run For Love IIPark Grammofon 2019 Et fargerikt knippe l\u00e5ter [&hellip;]<\/p>\n","protected":false},"author":1,"featured_media":0,"parent":0,"menu_order":0,"comment_status":"closed","ping_status":"closed","template":"","meta":{"footnotes":""},"class_list":["post-442","page","type-page","status-publish","hentry"],"aioseo_notices":[],"_links":{"self":[{"href":"https:\/\/www.hildebrunsvik.no\/index.php?rest_route=\/wp\/v2\/pages\/442","targetHints":{"allow":["GET"]}}],"collection":[{"href":"https:\/\/www.hildebrunsvik.no\/index.php?rest_route=\/wp\/v2\/pages"}],"about":[{"href":"https:\/\/www.hildebrunsvik.no\/index.php?rest_route=\/wp\/v2\/types\/page"}],"author":[{"embeddable":true,"href":"https:\/\/www.hildebrunsvik.no\/index.php?rest_route=\/wp\/v2\/users\/1"}],"replies":[{"embeddable":true,"href":"https:\/\/www.hildebrunsvik.no\/index.php?rest_route=%2Fwp%2Fv2%2Fcomments&post=442"}],"version-history":[{"count":19,"href":"https:\/\/www.hildebrunsvik.no\/index.php?rest_route=\/wp\/v2\/pages\/442\/revisions"}],"predecessor-version":[{"id":1100,"href":"https:\/\/www.hildebrunsvik.no\/index.php?rest_route=\/wp\/v2\/pages\/442\/revisions\/1100"}],"wp:attachment":[{"href":"https:\/\/www.hildebrunsvik.no\/index.php?rest_route=%2Fwp%2Fv2%2Fmedia&parent=442"}],"curies":[{"name":"wp","href":"https:\/\/api.w.org\/{rel}","templated":true}]}}