{"id":451,"date":"2025-08-30T06:02:40","date_gmt":"2025-08-30T06:02:40","guid":{"rendered":"https:\/\/www.hildebrunsvik.no\/?page_id=451"},"modified":"2025-11-04T21:09:33","modified_gmt":"2025-11-04T21:09:33","slug":"om-about","status":"publish","type":"page","link":"https:\/\/www.hildebrunsvik.no\/?page_id=451","title":{"rendered":"Om\/About"},"content":{"rendered":"\n<div class=\"wp-block-columns is-layout-flex wp-container-core-columns-is-layout-9d6595d7 wp-block-columns-is-layout-flex\">\n<div class=\"wp-block-column is-layout-flow wp-block-column-is-layout-flow\" style=\"flex-basis:20%\"><\/div>\n\n\n\n<div class=\"wp-block-column is-layout-flow wp-block-column-is-layout-flow\" style=\"flex-basis:600px\">\n<p><em>Jeg var ganske stor f\u00f8r jeg skj\u00f8nte at musikk og litteratur var to forskjellige sjangere. Jeg visste ikke om noe annet enn at jeg sang og skrev sanger. <\/em><\/p>\n\n\n\n<p><em>Da ting ble for vanskelig oppdaget jeg at jeg kunne skrive historier uten at noen forstyrret. Tjuefem \u00e5r og seks b\u00f8ker senere m\u00e5tte jeg vende tilbake til sangen og musikken. Jeg har arbeidet i det veikrysset siden. <\/em><\/p>\n\n\n\n<hr class=\"wp-block-separator has-alpha-channel-opacity\"\/>\n\n\n\n<p><em>I was quite grown before I realised that music and litterature were two different genres. I didn&#8217;t know anything except that I sang and wrote songs.<\/em><\/p>\n\n\n\n<p><em>When things got too difficult I discovered that I could write stories without anyone interrupting. Twentyfive years and six books later I had to return to the singing and the music. I&#8217;ve been working in that crossroads since.<\/em><\/p>\n\n\n\n<hr class=\"wp-block-separator has-alpha-channel-opacity\"\/>\n\n\n\n<p><strong>Hilde Brunsvik<\/strong> er en norsk forfatter, sanger og l\u00e5tskriver, f\u00f8dt 1959 i industribyen Moss.<\/p>\n\n\n\n<p>Hun debuterte som skj\u00f8nnlitter\u00e6r forfatter i 1989 og har utgitt noveller, romaner og en musikerbiografi. <br>Hun debuterte som plateartist i 2014 og har utgitt flere album i eget navn. <br>Med <em>Hilde Brunsvik Band<\/em> spiller hun konserter i ulike formater fra duo til band, hvor musikk, sang og tekster veves sammen i egenartede sceniske framf\u00f8ringer.<br>Hun er grunnlegger av Klangfestivalen i V\u00e5g\u00f8y kirke og var festivalsjef og kunstnerisk ansvarlig i \u00e5rene 2014-2023.<\/p>\n\n\n\n<p>Hilde Brunsvik er utdannet id\u00e9historiker fra Universitetet i Oslo med en avhandling om Knut Hamsuns <em>Sult.<\/em> Hun studerte sang ved Complete Vocal Institute i K\u00f8benhavn i \u00e5rene 2008-2013.<\/p>\n\n\n\n<hr class=\"wp-block-separator has-alpha-channel-opacity\"\/>\n\n\n\n<p><\/p>\n\n\n\n<p><\/p>\n\n\n\n<p><strong>Hilde Brunsvik<\/strong> is a Norwegian writer, singer and songwriter, born 1959 in the industrial town Moss.<\/p>\n\n\n\n<p>Her first book was published in 1989 and she has published novels, short stories and a biography. <br>Her first album was released in 2014, and she has published several albums in her own name. <br>With <em>Hilde Brunsvik Band<\/em> she plays concerts in various forms from duo to band ensembles, where music, song and lyrics come together in distinctive scenic performances.<br>Hilde Brunsvik is the founder of Klangfestivalen in V\u00e5g\u00f8y Church, and was the festival&#8217;s leader in the years 2014-2023.<\/p>\n\n\n\n<p>Hilde Brunsvik has a master&#8217;s degree in intellectual history from the University of Oslo, with a thesis on Knut Hamsun&#8217;s novel <em>Sult<\/em>. She studied song at Complete Vocal Institute, Copenhagen, in the years 2008-2013.<\/p>\n\n\n\n<hr class=\"wp-block-separator has-alpha-channel-opacity\"\/>\n\n\n\n<p><a href=\"https:\/\/no.wikipedia.org\/wiki\/Hilde_Brunsvik\" target=\"_blank\" rel=\"noreferrer noopener\">https:\/\/no.wikipedia.org\/wiki\/Hilde_Brunsvik<\/a><br><a href=\"https:\/\/www.parkgrammofon.no\/?s=Hilde+Brunsvik\">https:\/\/www.parkgrammofon.no\/?s=Hilde+Brunsvik<\/a><\/p>\n<\/div>\n<\/div>\n","protected":false},"excerpt":{"rendered":"<p>Jeg var ganske stor f\u00f8r jeg skj\u00f8nte at musikk og litteratur var to [&hellip;]<\/p>\n","protected":false},"author":1,"featured_media":0,"parent":0,"menu_order":0,"comment_status":"closed","ping_status":"closed","template":"","meta":{"footnotes":""},"class_list":["post-451","page","type-page","status-publish","hentry"],"aioseo_notices":[],"_links":{"self":[{"href":"https:\/\/www.hildebrunsvik.no\/index.php?rest_route=\/wp\/v2\/pages\/451","targetHints":{"allow":["GET"]}}],"collection":[{"href":"https:\/\/www.hildebrunsvik.no\/index.php?rest_route=\/wp\/v2\/pages"}],"about":[{"href":"https:\/\/www.hildebrunsvik.no\/index.php?rest_route=\/wp\/v2\/types\/page"}],"author":[{"embeddable":true,"href":"https:\/\/www.hildebrunsvik.no\/index.php?rest_route=\/wp\/v2\/users\/1"}],"replies":[{"embeddable":true,"href":"https:\/\/www.hildebrunsvik.no\/index.php?rest_route=%2Fwp%2Fv2%2Fcomments&post=451"}],"version-history":[{"count":22,"href":"https:\/\/www.hildebrunsvik.no\/index.php?rest_route=\/wp\/v2\/pages\/451\/revisions"}],"predecessor-version":[{"id":1090,"href":"https:\/\/www.hildebrunsvik.no\/index.php?rest_route=\/wp\/v2\/pages\/451\/revisions\/1090"}],"wp:attachment":[{"href":"https:\/\/www.hildebrunsvik.no\/index.php?rest_route=%2Fwp%2Fv2%2Fmedia&parent=451"}],"curies":[{"name":"wp","href":"https:\/\/api.w.org\/{rel}","templated":true}]}}